1893 a multiple of 13?
False
Does 14 divide 1241777?
False
Does 101 divide 116286?
False
Is 8 a factor of 10145984?
True
Is 10 a factor of 10734133?
False
Does 319 divide 1734083?
False
Does 28 divide 66005?
False
Is 77 a factor of 485254?
True
Is 781454 a multiple of 7?
False
Does 166 divide 458577?
False
Is 48818 a multiple of 14?
True
Is 66 a factor of 1091970?
True
Does 12 divide 72768?
True
Is 171 a factor of 2747336?
False
Is 313690 a multiple of 68?
False
Does 396 divide 1308526?
False
Is 2765373 a multiple of 559?
True
Does 15 divide 135883?
False
Does 519 divide 8584316?
False
Does 527 divide 7249318?
False
Does 232 divide 6714264?
False
Is 464590 a multiple of 14?
True
Is 9 a factor of 442593?
True
Is 44 a factor of 185108?
True
Is 128 a factor of 125952?
True
Does 207 divide 6497937?
True
Is 1167586 a multiple of 14?
True
Is 5097888 a multiple of 571?
True
Does 157 divide 362188?
False
Is 234325 a multiple of 91?
True
Does 115 divide 74980?
True
Is 10 a factor of 833393?
False
Does 70 divide 9454270?
True
Does 734 divide 5826328?
False
Is 24 a factor of 5894308?
False
Does 2189 divide 11820600?
True
Is 11 a factor of 295064?
True
Is 24480 a multiple of 17?
True
Is 16 a factor of 31664?
True
Is 1778715 a multiple of 45?
True
Is 3768864 a multiple of 66?
True
Is 8 a factor of 508352?
True
Is 131 a factor of 424446?
False
Is 83748 a multiple of 2?
True
Is 109381 a multiple of 54?
False
Is 232 a factor of 152424?
True
Does 15 divide 217620?
True
Does 9 divide 25761?
False
Is 416059 a multiple of 35?
False
Does 853 divide 17836887?
False
Is 17 a factor of 35903?
False
Is 4127735 a multiple of 297?
False
Is 12 a factor of 765094?
False
Is 61 a factor of 745176?
True
Is 355755 a multiple of 111?
True
Is 183 a factor of 11874557?
False
Is 125 a factor of 7072668?
False
Does 3 divide 68322?
True
Does 159 divide 9524211?
False
Does 1165 divide 20641470?
True
Does 71 divide 110973?
True
Is 2014 a multiple of 53?
True
Is 118005 a multiple of 25?
False
Is 106392 a multiple of 78?
True
Is 3184076 a multiple of 438?
False
Does 119 divide 1899854?
False
Is 590052 a multiple of 12?
True
Is 74 a factor of 874680?
True
Is 110 a factor of 382202?
False
Is 80444 a multiple of 26?
True
Is 9984438 a multiple of 18?
True
Is 196150 a multiple of 2?
True
Does 61 divide 98033?
False
Is 16100 a multiple of 13?
False
Is 29 a factor of 1790257?
True
Is 2513856 a multiple of 8?
True
Is 19 a factor of 42988?
False
Is 762 a factor of 2362962?
True
Does 5 divide 443645?
True
Does 3 divide 1298231?
False
Does 108 divide 1480958?
False
Does 171 divide 4353831?
True
Does 13 divide 93424?
False
Is 38997 a multiple of 2?
False
Is 816595 a multiple of 65?
True
Is 93 a factor of 38302?
False
Does 136 divide 19312?
True
Does 16 divide 24343663?
False
Is 175 a factor of 131312?
False
Is 168410 a multiple of 11?
True
Does 242 divide 726?
True
Does 19 divide 283309?
True
Is 812896 a multiple of 76?
True
Is 225277 a multiple of 189?
False
Is 192 a factor of 937927?
False
Is 14 a factor of 84588?
True
Is 5631080 a multiple of 14?
True
Does 10 divide 218243?
False
Is 270873 a multiple of 17?
False
Is 2 a factor of 3077429?
False
Is 66 a factor of 1168464?
True
Is 27210 a multiple of 6?
True
Is 13838160 a multiple of 22?
False
Does 48 divide 9716?
False
Is 71 a factor of 707089?
True
Does 64 divide 657664?
True
Does 841 divide 21806289?
True
Is 140 a factor of 1701146?
False
Does 12 divide 676032?
True
Is 207945 a multiple of 14?
False
Does 44 divide 811580?
True
Is 224 a factor of 2636575?
False
Is 40 a factor of 149478?
False
Is 1936421 a multiple of 155?
False
Does 106 divide 81264?
False
Is 10868 a multiple of 22?
True
Is 41175 a multiple of 45?
True
Is 43 a factor of 128621?
False
Is 2186485 a multiple of 35?
True
Does 4 divide 1162436?
True
Does 378 divide 521640?
True
Does 91 divide 114478?
True
Does 67 divide 650972?
True
Does 56 divide 475384?
True
Is 14 a factor of 2043900?
False
Does 68 divide 271361?
False
Is 23 a factor of 336616?
False
Is 13606514 a multiple of 7?
False
Is 78980 a multiple of 265?
False
Is 970752 a multiple of 158?
True
Does 154 divide 2496032?
True
Does 24 divide 5381184?
True
Is 17370 a multiple of 21?
False
Does 7 divide 59120?
False
Does 22 divide 894644?
False
Does 46 divide 250286?
True
Is 57 a factor of 2897595?
True
Is 148249 a multiple of 3?
False
Does 20 divide 122543?
False
Is 16936 a multiple of 72?
False
Is 604990 a multiple of 599?
True
Does 73 divide 180797?
False
Is 445 a factor of 439908?
False
Is 28 a factor of 59976?
True
Is 125 a factor of 119559?
False
Is 65151 a multiple of 19?
True
Does 398 divide 26208478?
False
Is 4209 a multiple of 2?
False
Does 127 divide 1275618?
False
Is 256 a factor of 273317?
False
Does 20 divide 750240?
True
Is 11 a factor of 405229?
True
Is 35037 a multiple of 19?
False
Is 89 a factor of 168121?
True
Does 369 divide 25419303?
True
Is 35 a factor of 275875?
False
Does 176 divide 7241520?
True
Is 159 a factor of 380964?
True
Is 408450 a multiple of 1167?
True
Is 30 a factor of 228962?
False
Is 13439469 a multiple of 51?
True
Is 1432 a factor of 12585848?
True
Is 2954328 a multiple of 1028?
False
Is 2 a factor of 6289?
False
Is 1127046 a multiple of 64?
False
Does 93 divide 1360311?
True
Is 10 a factor of 494071?
False
Does 83 divide 676616?
True
Does 14 divide 10363042?
False
Does 3 divide 15023?
False
Is 179 a factor of 250247?
False
Is 488797 a multiple of 12?
False
Is 40 a factor of 2135720?
True
Is 1455 a multiple of 4?
False
Is 2 a factor of 71858?
True
Is 11531043 a multiple of 57?
True
Is 188 a factor of 710640?
True
Does 69 divide 334167?
True
Is 7 a factor of 207257?
False
Is 277160 a multiple of 13?
True
Is 44687 a multiple of 102?
False
Is 169 a factor of 130130?
True
Does 15 divide 561885?
True
Does 22 divide 24222?
True
Is 14 a factor of 421092?
True
Is 199102 a multiple of 47?
False
Is 8 a factor of 14592?
True
Does 63 divide 24580298?
False
Is 630 a multiple of 5?
True
Does 15 divide 58530?
True
Is 17 a factor of 1363315?
True
Is 237667 a multiple of 271?
True
Does 12 divide 15891?
False
Is 497092 a multiple of 8?
False
Is 29 a factor of 114280?
False
Is 233709 a multiple of 50?
False
Does 3 divide 4005754?
False
Is 27 a factor of 54189?
True
Does 14 divide 14493010?
True
Does 7 divide 8978600?
False
Does 19 divide 6122256?
True
Is 14 a factor of 96544?
True
Is 4 a factor of 75252?
True
Is 27 a factor of 295326?
True
Is 405 a factor of 9184774?
False
Is 51 a factor of 23154?
True
Does 7 divide 6710220?
False
Is 547074 a multiple of 25?
False
Is 1279634 a multiple of 16?
False
Does 217 divide 243084?
False
Is 22 a factor of 298408?
True
Is 1038425 a multiple of 365?
True
Does 66 divide 120780?
True
Does 1275 divide 15242625?
True
Is 215138 a multiple of 154?
True
Is 281815 a multiple of 12?
False
Is 3114038 a multiple of 10?
False
Is 516014 a multiple of 110?
False
Is 106359 a multiple of 2?
False
Does 43 divide 5186887?
False
Is 126 a factor of 4487742?
True
Does 880 divide 11685520?
True
Is 11 a factor of 73447?
True
Does 125 divide 14236?
False
Is 13 a factor of 106312?
False
Is 34 a factor of 49708?
True
Is 1720723 a multiple of 127?
True
Does 20 divide 2599703?
False
Is 27 a factor of 8692918?
False
Is 494363 a multiple of 7?
False
Is 9950 a multiple of 5?
True
Does 5 divide 50350?
True
Is 484228 even?
True
Is 2127 even?
False
Is 336580 a multiple of 42?
False
Does 4 divide 430990?
False
Does 86 divide 294206?
True
Is 678208 a multiple of 14?
False
Is 1496 a multiple of 11?
True
Is 126 a factor of 928620?
True
Does 3 divide 14649?
True
Does 176 divide 37664?
True
Is 8 a factor of 1002343?
False
Is 257 a factor of 716002?
True
Is 172 a factor of 281684?
False
Is 565676 a multiple of 412?
True
Is 11 a factor of 13827?
True
Is 11628 a multiple of 38?
True
Is 9 a factor of 210671?
False
Does 30 divide 288210?
True
Is 2220676 a multiple of 68?
True
Is 11 a factor of 1832067?
False
Does 620 divide 329245?
False
Does 33 divide 98307?
True
Is 99221 a multiple of 206?
False
Is 225837 a multiple of 9?
True
Is 217 a factor of 232624?
True
Is 76995 a multiple of 87?
True
Is 245525 a multiple of 35?
True
Is 159320 a multiple of 7?
True
Is 50890 a multiple of 140?
False
Is 15 a factor of 59507